.
3
Let n(h) = 27*h - 23. List the prime factors of n(6).
139
Suppose -10*b + 16*b = 792. What are the prime factors of b?
2, 3, 11
Suppose -i = -2*i - 4*x + 64, 4*i + 2*x - 228 = 0. List the prime factors of i.
2, 7
Let u(n) = 2*n**2 - 13*n - 1. List the prime factors of u(-6).
149
Suppose -5*g = 4*g - 567. What are the prime factors of g?
3, 7
Suppose -2*q = -q - 17. Suppose 3*z + 4*p + q = -p, 3*z + 15 = -3*p. Let x(r) = r**3 + 5*r**2 + 2*r + 1. List the prime factors of x(z).
3
Let j(o) = 7*o + 4. Let c be j(5). Suppose -x + 4*x = c. What are the prime factors of x?
13
Let y(l) = l**3 + 8*l**2 - l - 14. List the prime factors of y(-6).
2
Suppose -h = 2*j, 3*h + 2*j = 3*j + 14. List the prime factors of (2/h)/(4/40).
5
Let y = 9 + -3. Suppose y = 5*k - 9. Suppose -5*o - 3*a = -59, k*o - 2 = -3*a + 37. List the prime factors of o.
2, 5
Suppose 2*p + 23 = 3*i - 56, i - 31 = 3*p. Let y be (-1)/5 - (-255)/i. Suppose -3*h + 4 = y, -12 = -2*b + h. What are the prime factors of b?
5
Let r(t) = -2*t**3 - 3*t**2 - 3*t - 1. Let x(n) = -n + 2. Let k be x(5). Let j = 1 + k. What are the prime factors of r(j)?
3
Suppose 3*k - 80 + 11 = 0. What are the prime factors of k?
23
Let a(z) = -z**2 + 12*z + 23. What are the prime factors of a(10)?
43
Suppose 2*g + 408 = 6*g + 5*w, 5*g + 3*w = 497. Suppose -3*s + 3*p = -105, 0 = s - 4*s - p + g. List the prime factors of s.
3, 11
Suppose 0 = 4*o + 4*l - 216, -o - 2*o + 130 = -5*l. List the prime factors of o/6 - (-6)/9.
3
Suppose 5*v + 249 = 8*v. List the prime factors of v.
83
Let m(x) = 5*x - x**2 + 2 + 0*x**2 + 6. Let u be m(6). Suppose 4*g - 2*t = 18, 5*g - 5*t = -u*t + 21. List the prime factors of g.
2, 3
Suppose 11 = 4*r - 21. Let l(j) = j - 5. Let g be l(r). Suppose b - 35 = -g*z, 3*z - 5*b = -4*b + 25. What are the prime factors of z?
2, 5
Let r(d) be the third derivative of d**4/12 - d**3/6 - 4*d**2. What are the prime factors of r(4)?
7
Let i(g) = -g + 0 + 0*g + 3 - 5. Let d be i(2). Let s = 13 + d. List the prime factors of s.
3
List the prime factors of (-3003)/(-15) + (-2)/(10/1).
2, 5
Suppose 5*g + 3*a - 1 = -0, -5*a + 12 = -2*g. What are the prime factors of g + (-7)/(-1) + 2?
2
Let o = -1 - -1. Suppose -3*v + o*v = 0. Suppose v = 4*p - 2*p - 8. List the prime factors of p.
2
Let v be 46/(-3) - 2/(-6). Let d = v + 23. List the prime factors of d.
2
Suppose -3*u - 18 = 3*d, 3*d - 3*u = -d + 4. Let n = d - -12. List the prime factors of n.
2, 5
Let y(h) = -2*h - 1. Let u be y(5). Let j = u - -20. List the prime factors of j.
3
Suppose -3*s = 29 - 107. What are the prime factors of s/4 + 1/2?
7
Suppose 5*v = 2*s + 7, -2*v = s + s - 14. Let z = v - -3. What are the prime factors of z?
2, 3
Let a be (-2)/(-5)*-2*5. Suppose 27 - 11 = 4*c. List the prime factors of (18/c)/((-2)/a).
3
Let z(m) = 6*m**2 - 24*m - 3. List the prime factors of z(-3).
3, 41
Suppose 8*l + 2*l = 840. What are the prime factors of l?
2, 3, 7
Let p(z) = -z**3 - 13*z**2 - 11*z - 12. Let i be p(-12). Let o = 46 + i. What are the prime factors of o?
2, 11
Let l = 109 - 73. What are the prime factors of l?
2, 3
Suppose 139 = 4*k + i, -4*k - 5*i = -156 + 37. Suppose 0*c + 3*c + k = 0. Let s = 18 + c. List the prime factors of s.
2, 3
Let w(g) = -3*g + 1. Let b(n) = -n + 4. Let c be b(4). Let j(i) = i**3 + i**2 + i - 4. Let o be j(c). List the prime factors of w(o).
13
Let w = 76 - 23. What are the prime factors of w?
53
Suppose -5*l = -5*z - l + 12, 3*z + 2*l = -6. Suppose -4*q - q + 4*y + 160 = z, -36 = -2*q - 4*y. List the prime factors of q.
2, 7
Let k(w) = 11*w + 1. List the prime factors of k(1).
2, 3
Let v = -15 - -10. Let u(s) = s**2 - 6*s - 2. Let q be u(5). Let y = v - q. What are the prime factors of y?
2
Let n = 0 - -3. Suppose -n*d + 50 = 2*d. List the prime factors of d.
2, 5
List the prime factors of (-1638)/(-27) + (-2)/(-6).
61
List the prime factors of 4/(-1)*(-44)/16.
11
List the prime factors of 28*1 - (4 + -5).
29
Let s be 207/27 - (-4)/(-6). Suppose 2*u - s = 1. What are the prime factors of u?
2
Let n(b) = -b - 5. Let h(p) = -p - 4. Let s(d) = -3*h(d) + 4*n(d). Let q be s(-6). List the prime factors of 2 - (q - (2 + -2)).
2
Let m = 32 + 57. List the prime factors of m.
89
Suppose -2*u = -3*u - 10. Let w(l) = l**2 + 10*l + 11. What are the prime factors of w(u)?
11
Suppose 5*m + c - 213 = 82, -5*m - 2*c + 300 = 0. Let q = 2 + m. Suppose -4*r = -r - q. What are the prime factors of r?
2, 5
Suppose -880 = -3*f - 5*f. List the prime factors of f.
2, 5, 11
Suppose 6*w + h = 5*w + 36, -3*h = 12. List the prime factors of w.
2, 5
Let p be (-86)/6 + 1/3. Let u = p - 5. Let x = u + 33. List the prime factors of x.
2, 7
Let h be 12/(-2) + -6 + 9. Let w(l) = -l**3 - 2*l**2 - l + 1. What are the prime factors of w(h)?
13
Suppose 5*q - 27 = -4*b, -b - 2*q - 3 = -4*q. Suppose 6*c - 4*c - 2 = -4*d, 0 = -b*d + 5*c + 34. Suppose -2*i - 5 = -d*i. What are the prime factors of i?
5
Suppose 5*x + 11 = -5*v - 9, 4*x + 16 = 4*v. Suppose 2*n + 2*s + 0*s - 14 = v, -s = -5*n + 23. What are the prime factors of n?
5
Let y(l) = l**2 - 6*l + 7. Let p be y(5). Let x = -2 - -7. Suppose -p*r + x*r - 36 = -5*o, -19 = -4*r + 3*o. List the prime factors of r.
7
Let t(p) = 4*p**3 - 2*p**2 - 3*p + 1. Let k(c) be the first derivative of c**4/4 + c**3/3 - c - 1. Let f(h) = 3*k(h) - t(h). What are the prime factors of f(5)?
11
Let u be (90/27)/(4/(-6)). List the prime factors of -4 - (-6 - -3) - u.
2
Suppose 2*n + 1 = 29. List the prime factors of n.
2, 7
Suppose 0 = p - 1 + 5. What are the prime factors of -6*(12/p + -1)?
2, 3
Let x(d) = 3*d**2 - 7. Let r be x(4). Let g = r + -18. List the prime factors of g.
23
Let x = 31 + 53. Suppose 2*o + x = -o. Let b = -13 - o. List the prime factors of b.
3, 5
Let m(h) = -h**3 - 6*h**2 - 2*h + 14. Let k be m(-6). Let t = 29 + k. What are the prime factors of t?
5, 11
Let a(x) = -x**3 - 2*x**2 + 2*x - 1. What are the prime factors of a(-3)?
2
Let i(n) = -n + 1. Let o be i(-1). Suppose 7 = 3*q - o. Suppose q*t - 12 = t. What are the prime factors of t?
2, 3
Suppose -2*p + 70 = -0*p. List the prime factors of p.
5, 7
Let u(v) = -10*v + 8. List the prime factors of u(-9).
2, 7
Let l = 13 - 11. List the prime factors of (l/4)/(1/30).
3, 5
Suppose -3*w - o - 7 = -20, 0 = -4*w - 4*o + 4. List the prime factors of w.
2, 3
List the prime factors of (8/(-12))/((-2)/327).
109
Suppose 0 = m - 20 - 4. What are the prime factors of m?
2, 3
Let z(m) be the first derivative of m**4/4 - 10*m**3/3 + 3*m**2/2 - 11*m - 1. What are the prime factors of z(10)?
19
Let o be 5/((-15)/(-12))*-1. Let w(g) = -g**3 - 4*g**2 - 4*g - 5. What are the prime factors of w(o)?
11
Let u(d) = 2*d**2 - 4*d + 11. List the prime factors of u(7).
3
Let d be -1 + 0 - 54/(-3). Let b = d - 12. Suppose 0 = -b*x + 17 + 18. What are the prime factors of x?
7
Let p(x) = x**2 - 8*x + 9. Let m be p(7). Suppose 0 = 5*i + 5, -2*h - m*i + 52 - 2 = 0. Let t = -14 + h. What are the prime factors of t?
2, 3
Let v = 10 - 8. Suppose -v*s + 4*x = -4 - 28, 4*x - 8 = 0. List the prime factors of s.
2, 5
List the prime factors of (21/9 + -3)/(1/(-276)).
2, 23
Let d(s) = 9*s + 1. Let b be d(1). Suppose 3*v + x - 51 = 0, 0 = -3*v - 4*x + 18 + 42. Let j = v - b. What are the prime factors of j?
2, 3
Let o(x) = -x**2 - x + 23. List the prime factors of o(0).
23
Let t be ((-24)/(-16))/(6/(-8)). List the prime factors of 0 - 2 - (t + -15).
3, 5
Let z(k) = k + 3. Let v be z(-3). Suppose -f - f - 28 = v. Let y = f + 25. What are the prime factors of y?
11
Let n be (-10)/(-1 - (-2 + 3)). Suppose n*y = 2*y + 18. List the prime factors of y.
2, 3
Let y = 7 + -5. Suppose y = g + 4. What are the prime factors of 6/(-5 - g)*-2?
2
Let x = 2 - 1. Let o(f) = -2*f**2 - 2*f + 1 + 3*f**2 + 0*f**2 + 12*f**3. What are the prime factors of o(x)?
2, 3
Suppose -c + 5 = 3*z, 0 = -5*c + 5*z + 42 - 17. Suppose -y = c*s - 15, 3*y = 3*s - 13 + 4. List the prime factors of s.
3
Suppose 53 - 5 = 4*l. Suppose -5*v = q - 3*v, 4*q - 26 = 5*v. Suppose -2*u - 4*x = l, -u + q*x + 11 + 13 = 0. What are the prime factors of u?
2
Suppose -f - 4*c + 13 = -10, 5*c = -3*f + 34. Let n(q) be the third derivative of 7*q**4/24 + 5*q**2. List the prime factors of n(f).
3, 7
Let w = 777 - 523. What are the prime fac